{"id":4420,"date":"2019-01-02T22:27:33","date_gmt":"2019-01-02T20:27:33","guid":{"rendered":"http:\/\/www.lustipidu.ee\/?page_id=4420"},"modified":"2019-01-15T19:52:23","modified_gmt":"2019-01-15T17:52:23","slug":"paar-peeker","status":"publish","type":"page","link":"https:\/\/www.lustipidu.ee\/?page_id=4420","title":{"rendered":"R\u00e4ndbaar Peeker"},"content":{"rendered":"\n<p style=\"text-align:center\">R\u00e4ndbaar Peeker, mis r\u00e4ndab just sinna, kus seda vajatakse. Olgu see kokkutulek v\u00f5i pulm, s\u00fcnnip\u00e4ev v\u00f5i j\u00f5ulupidu, baar tuleb kohale ja teeb k\u00f5igil tuju heaks. R\u00e4ndbaar pakub laias valikus kokteile, alkohoolseid ja mittealkohoolseid jooke ning suupisteid. Leiame kliendi fantaasiale alati sobiva lahenduse, et k\u00f5ik saaksid pidu nautida.<\/p>\n\n\n\n<p style=\"text-align:center\">R\u00e4ndbaar Peeker pakub jooke erinevates asukohtades \u00fcle Eesti nii v\u00e4lis- kui sisetingimustes ning nii v\u00e4ike- kui suur\u00fcritustel. <\/p>\n","protected":false},"excerpt":{"rendered":"<p>R\u00e4ndbaar Peeker, mis r\u00e4ndab just sinna, kus seda vajatakse. Olgu see kokkutulek v\u00f5i pulm, s\u00fcnnip\u00e4ev v\u00f5i j\u00f5ulupidu, baar tuleb kohale ja teeb k\u00f5igil tuju heaks. R\u00e4ndbaar pakub laias valikus kokteile, alkohoolseid ja mittealkohoolseid jooke ning suupisteid. Leiame kliendi fantaasiale alati sobiva lahenduse, et k\u00f5ik saaksid pidu nautida. R\u00e4ndbaar Peeker pakub jooke erinevates asukohtades \u00fcle Eesti&#8230;<\/p>\n","protected":false},"author":2,"featured_media":0,"parent":0,"menu_order":0,"comment_status":"closed","ping_status":"closed","template":"","meta":{"footnotes":""},"class_list":["post-4420","page","type-page","status-publish","hentry"],"_links":{"self":[{"href":"https:\/\/www.lustipidu.ee\/index.php?rest_route=\/wp\/v2\/pages\/4420","targetHints":{"allow":["GET"]}}],"collection":[{"href":"https:\/\/www.lustipidu.ee\/index.php?rest_route=\/wp\/v2\/pages"}],"about":[{"href":"https:\/\/www.lustipidu.ee\/index.php?rest_route=\/wp\/v2\/types\/page"}],"author":[{"embeddable":true,"href":"https:\/\/www.lustipidu.ee\/index.php?rest_route=\/wp\/v2\/users\/2"}],"replies":[{"embeddable":true,"href":"https:\/\/www.lustipidu.ee\/index.php?rest_route=%2Fwp%2Fv2%2Fcomments&post=4420"}],"version-history":[{"count":5,"href":"https:\/\/www.lustipidu.ee\/index.php?rest_route=\/wp\/v2\/pages\/4420\/revisions"}],"predecessor-version":[{"id":4437,"href":"https:\/\/www.lustipidu.ee\/index.php?rest_route=\/wp\/v2\/pages\/4420\/revisions\/4437"}],"wp:attachment":[{"href":"https:\/\/www.lustipidu.ee\/index.php?rest_route=%2Fwp%2Fv2%2Fmedia&parent=4420"}],"curies":[{"name":"wp","href":"https:\/\/api.w.org\/{rel}","templated":true}]}}